 44 and 292?
4
What is the highest common factor of 16 and 1082?
2
What is the highest common divisor of 1788 and 489465?
447
Calculate the greatest common factor of 8184 and 486.
6
What is the highest common factor of 2935842 and 1092?
546
What is the greatest common divisor of 930 and 554590?
310
Calculate the highest common factor of 658 and 3711449.
329
What is the highest common divisor of 3169400 and 10?
10
Calculate the highest common divisor of 532 and 61560.
76
Calculate the highest common divisor of 27920 and 720.
80
What is the greatest common divisor of 11463 and 3?
3
Calculate the highest common factor of 19 and 4713.
1
What is the highest common factor of 108185 and 31185?
385
What is the highest common factor of 2926 and 427658?
154
Calculate the greatest common factor of 8872808 and 8.
8
What is the highest common divisor of 337190 and 70?
70
Calculate the highest common factor of 1277617 and 57.
19
What is the highest common factor of 33645 and 1335?
15
Calculate the highest common factor of 94 and 2452037.
47
Calculate the greatest common factor of 386667 and 27.
27
What is the greatest common factor of 66 and 54198?
6
Calculate the highest common divisor of 3881938 and 4962.
1654
What is the highest common divisor of 197948 and 164?
164
Calculate the highest common factor of 78765 and 27501.
267
What is the greatest common factor of 113 and 178879?
113
What is the greatest common divisor of 131913 and 63?
9
What is the highest common factor of 54960 and 165?
15
What is the greatest common factor of 3645 and 38?
1
Calculate the highest common divisor of 88044 and 276.
276
What is the greatest common divisor of 1262 and 594?
2
What is the highest common divisor of 36 and 163206?
18
What is the highest common factor of 2016 and 32832?
288
Calculate the highest common divisor of 210900 and 25.
25
What is the highest common factor of 41088 and 23754?
642
What is the greatest common divisor of 28 and 5529916?
28
Calculate the greatest common factor of 118425 and 575.
25
Calculate the highest common divisor of 27286 and 70.
14
What is the greatest common factor of 1359 and 189?
9
What is the highest common divisor of 2393919 and 44?
11
What is the highest common factor of 60495 and 29415?
555
What is the highest common divisor of 5072 and 2219?
317
Calculate the greatest common divisor of 620800 and 388.
388
What is the highest common divisor of 138220 and 500?
20
Calculate the highest common factor of 6015 and 60.
15
What is the highest common divisor of 13968 and 4947?
291
Calculate the highest common factor of 4842 and 264.
6
What is the highest common divisor of 276237 and 1404?
351
What is the highest common divisor of 16768 and 128?
128
Calculate the greatest common factor of 540 and 359532.
108
What is the highest common factor of 46909 and 244?
61
What is the highest common divisor of 2150 and 5725?
25
What is the greatest common factor of 835516 and 198?
22
Calculate the highest common factor of 2862 and 1674.
54
What is the greatest common divisor of 11774 and 870?
58
What is the greatest common factor of 506300 and 2656?
332
Calculate the greatest common divisor of 142538 and 7744.
242
Calculate the greatest common divisor of 27272 and 56.
56
What is the greatest common factor of 505800 and 10?
10
Calculate the greatest common divisor of 4227027 and 21.
21
What is the highest common factor of 5239 and 217?
31
Calculate the highest common factor of 215 and 79507.
43
Calculate the highest common divisor of 37176 and 20137.
1549
What is the highest common factor of 81 and 1698030?
27
Calculate the greatest common divisor of 127995 and 29463.
483
Calculate the highest common divisor of 79049 and 4616.
577
Calculate the greatest common divisor of 42 and 106596.
42
What is the greatest common factor of 1197 and 4324761?
1197
What is the highest common factor of 132 and 130064?
44
Calculate the greatest common factor of 76 and 99883.
19
Calculate the highest common divisor of 51943 and 15133.
409
What is the greatest common divisor of 1235 and 713336?
247
Calculate the greatest common factor of 77220 and 468.
468
Calculate the greatest common factor of 224 and 6464.
32
Calculate the highest common divisor of 99 and 310101.
33
Calculate the highest common factor of 100 and 10764.
4
Calculate the highest common divisor of 6123 and 12717.
471
Calculate the highest common factor of 49268 and 7571.
113
Calculate the greatest common divisor of 840 and 18592.
56
Calculate the highest common factor of 15 and 134325.
15
Calculate the greatest common divisor of 882912 and 2958.
102
What is the highest common factor of 41932 and 4?
4
Calculate the highest common divisor of 185546 and 678.
226
Calculate the highest common factor of 1170296 and 3642.
1214
Calculate the highest common factor of 6351 and 8.
1
Calculate the highest common divisor of 930 and 3934086.
186
Calculate the greatest common divisor of 833 and 2176.
17
What is the greatest common factor of 2440 and 72895?
305
Calculate the highest common factor of 4941 and 162.
81
What is the highest common factor of 1413 and 549?
9
Calculate the highest common divisor of 3074 and 4118.
58
What is the greatest common divisor of 26940 and 2040?
60
What is the greatest common factor of 288816 and 1320?
264
What is the greatest common divisor of 1521 and 1352?
169
What is the greatest common divisor of 366426 and 288?
18
Calculate the highest common divisor of 2484 and 268.
4
What is the greatest common divisor of 5311 and 904?
113
Calculate the highest common divisor of 140 and 201656.
28
Calculate the greatest common divisor of 1095 and 23055.
15
What is the greatest common factor of 45 and 42045?
15
Calculate the highest common factor of 559 and 120056.
43
Calculate the highest common divisor of 1279096 and 147.
49
What is the highest common factor of 2334924 and 9?
9
What is the greatest common factor of 1960402 and 1052?
526
Calculate the highest common divisor of 2694933 and 414.
207
Calculate the greatest common divisor of 1570 and 80.
10
What is the highest common factor of 7326 and 424094?
814
What is the highest common factor of 357888 and 768?
768
What is the highest common divisor of 85750 and 30?
10
Calculate the greatest common factor of 167190 and 60.
30
What is the highest common factor of 10104 and 16?
8
What is the highest common factor of 35 and 192430?
35
Calculate the highest common factor of 676293 and 2.
1
What is the greatest common factor of 42121 and 511?
73
Calculate the greatest common factor of 70 and 51912.
14
Calculate the highest common divisor of 591716 and 1044.
116
What is the greatest common factor of 1001 and 87659?
143
What is the greatest common divisor of 1808 and 55144?
904
What is the highest common factor of 27540 and 3430?
10
Calculate the highest common divisor of 2905 and 415.
415
What is the highest common divisor of 2295 and 1005?
15
Calculate the highest common divisor of 242016 and 12.
12
Calculate the greatest common factor of 4402 and 10.
2
What is the greatest common divisor of 43212 and 3380?
52
Calculate the highest common factor of 52776 and 432.
72
Calculate the highest common factor of 332347 and 86.
43
What is the greatest common divisor of 1078 and 7938?
98
Calculate the highest common divisor of 29643 and 369.
123
What is the greatest common factor of 3812 and 108?
4
Calculate the greatest common divisor of 96496 and 163.
163
What is the highest common factor of 9489480 and 316?
316
What is the highest common divisor of 1364 and 4433?
341
What is the greatest common divisor of 157 and 246647?
157
What is the greatest common factor of 238 and 1802?
34
What is the greatest common divisor of 234 and 9994?
2
Calculate the greatest common divisor of 7875 and 215.
5
What is the greatest common divisor of 3904 and 175314?
122
What is the highest common factor of 1488 and 1518256?
496
What is the greatest common divisor of 122112 and 3339?
477
What is the greatest common divisor of 53040 and 2535?
195
Calculate the highest common divisor of 2310 and 26250.
210
Calculate the greatest common factor of 78 and 131844.
6
Calculate the greatest common divisor of 816266 and 22.
22
Calculate the greatest common factor of 4959 and 348.
87
W